{"id":35,"date":"2019-10-25T15:41:41","date_gmt":"2019-10-25T13:41:41","guid":{"rendered":"http:\/\/192.168.201.236\/?page_id=35"},"modified":"2020-07-09T09:53:21","modified_gmt":"2020-07-09T07:53:21","slug":"impressum","status":"publish","type":"page","link":"https:\/\/www.kleinsatelliteninitiative.de\/index.php\/impressum\/","title":{"rendered":"Impressum"},"content":{"rendered":"\n<p><strong><a href=\"https:\/\/www.uni-stuttgart.de\/impressum\/\"> Impressum<\/a><\/strong><\/p>\n\n\n\n<p><strong>Adresse<\/strong>:<\/p>\n\n\n\n<p><strong>Universit\u00e4t Stuttgart<\/strong><br>Keplerstra\u00dfe 7<br>70174 Stuttgart<br>Deutschland<\/p>\n\n\n\n<p> Telefon +49 711 685-0 <\/p>\n\n\n\n<p>Fax +49 711 685-82113 <\/p>\n\n\n\n<p><a href=\"mailto:poststelle@uni-stuttgart.de\">E-Mail<\/a> <\/p>\n\n\n\n<p>Internet <a href=\"http:\/\/www.uni-stuttgart.de\">www.uni-stuttgart.de<\/a> <\/p>\n\n\n\n<p><strong>Verantwortlich <\/strong><\/p>\n\n\n\n<p>Die Universit\u00e4t Stuttgart ist eine K\u00f6rperschaft des \u00d6ffentlichen Rechts.<br>Sie wird durch den Rektor Univ.-Prof. Dr.-Ing. Wolfram Ressel gesetzlich vertreten.<br><a href=\"mailto:rektor@uni-stuttgart.de\">E-Mail<\/a> <\/p>\n\n\n\n<p>Umsatzsteuer-Identifikations\u00adnummer: gem\u00e4\u00df \u00a727 a Umsatzsteuergesetz: DE 1477 94 196<\/p>\n","protected":false},"excerpt":{"rendered":"<p>Impressum Adresse: Universit\u00e4t StuttgartKeplerstra\u00dfe 770174 StuttgartDeutschland Telefon +49 711 685-0 Fax +49 711 685-82113 E-Mail Internet www.uni-stuttgart.de Verantwortlich Die Universit\u00e4t Stuttgart ist eine K\u00f6rperschaft des \u00d6ffentlichen Rechts.Sie wird durch den Rektor Univ.-Prof. Dr.-Ing. Wolfram Ressel gesetzlich vertreten.E-Mail Umsatzsteuer-Identifikations\u00adnummer: gem\u00e4\u00df \u00a727 a Umsatzsteuergesetz: DE 1477 94 196<\/p>\n","protected":false},"author":1,"featured_media":0,"parent":0,"menu_order":0,"comment_status":"closed","ping_status":"closed","template":"","meta":{"footnotes":""},"class_list":["post-35","page","type-page","status-publish","hentry","entry"],"_links":{"self":[{"href":"https:\/\/www.kleinsatelliteninitiative.de\/index.php\/wp-json\/wp\/v2\/pages\/35","targetHints":{"allow":["GET"]}}],"collection":[{"href":"https:\/\/www.kleinsatelliteninitiative.de\/index.php\/wp-json\/wp\/v2\/pages"}],"about":[{"href":"https:\/\/www.kleinsatelliteninitiative.de\/index.php\/wp-json\/wp\/v2\/types\/page"}],"author":[{"embeddable":true,"href":"https:\/\/www.kleinsatelliteninitiative.de\/index.php\/wp-json\/wp\/v2\/users\/1"}],"replies":[{"embeddable":true,"href":"https:\/\/www.kleinsatelliteninitiative.de\/index.php\/wp-json\/wp\/v2\/comments?post=35"}],"version-history":[{"count":3,"href":"https:\/\/www.kleinsatelliteninitiative.de\/index.php\/wp-json\/wp\/v2\/pages\/35\/revisions"}],"predecessor-version":[{"id":219,"href":"https:\/\/www.kleinsatelliteninitiative.de\/index.php\/wp-json\/wp\/v2\/pages\/35\/revisions\/219"}],"wp:attachment":[{"href":"https:\/\/www.kleinsatelliteninitiative.de\/index.php\/wp-json\/wp\/v2\/media?parent=35"}],"curies":[{"name":"wp","href":"https:\/\/api.w.org\/{rel}","templated":true}]}}

<p><strong><a href="https://www.uni-stuttgart.de/impressum/"> Impressum</a></strong></p>



<p><strong>Adresse</strong>:</p>



<p><strong>Universität Stuttgart</strong><br>Keplerstraße 7<br>70174 Stuttgart<br>Deutschland</p>



<p> Telefon +49 711 685-0 </p>



<p>Fax +49 711 685-82113 </p>



<p><a href="mailto:poststelle@uni-stuttgart.de">E-Mail</a> </p>



<p>Internet <a href="http://www.uni-stuttgart.de">www.uni-stuttgart.de</a> </p>



<p><strong>Verantwortlich </strong></p>



<p>Die Universität Stuttgart ist eine Körperschaft des Öffentlichen Rechts.<br>Sie wird durch den Rektor Univ.-Prof. Dr.-Ing. Wolfram Ressel gesetzlich vertreten.<br><a href="mailto:rektor@uni-stuttgart.de">E-Mail</a> </p>



<p>Umsatzsteuer-Identifikations­nummer: gemäß §27 a Umsatzsteuergesetz: DE 1477 94 196</p>

<p>Impressum Adresse: Universität StuttgartKeplerstraße 770174 StuttgartDeutschland Telefon +49 711 685-0 Fax +49 711 685-82113 E-Mail Internet www.uni-stuttgart.de Verantwortlich Die Universität Stuttgart ist eine Körperschaft des Öffentlichen Rechts.Sie wird durch den Rektor Univ.-Prof. Dr.-Ing. Wolfram Ressel gesetzlich vertreten.E-Mail Umsatzsteuer-Identifikations­nummer: gemäß §27 a Umsatzsteuergesetz: DE 1477 94 196</p>
